Last updated on 2022-04-24 03:52:37 CEST.
Flavor | Version | Tinstall | Tcheck | Ttotal | Status | Flags |
---|---|---|---|---|---|---|
r-devel-linux-x86_64-debian-clang | 1.0.7 | 575.46 | 61.66 | 637.12 | WARN | |
r-devel-linux-x86_64-debian-gcc | 1.0.7 | 554.03 | 47.36 | 601.39 | OK | |
r-devel-linux-x86_64-fedora-clang | 1.0.7 | 1109.24 | WARN | |||
r-devel-linux-x86_64-fedora-gcc | 1.0.7 | 935.48 | OK | |||
r-patched-linux-x86_64 | 1.0.7 | 538.19 | 61.30 | 599.49 | OK | |
r-release-linux-x86_64 | 1.0.7 | 549.29 | 58.70 | 607.99 | OK | |
r-release-macos-arm64 | 1.0.7 | NOTE | ||||
r-release-macos-x86_64 | 1.0.7 | NOTE | ||||
r-release-windows-x86_64 | 1.0.7 | 656.00 | 164.00 | 820.00 | NOTE | |
r-oldrel-macos-arm64 | 1.0.7 | NOTE | ||||
r-oldrel-macos-x86_64 | 1.0.7 | NOTE | ||||
r-oldrel-windows-ix86+x86_64 | 1.0.7 | 1424.00 | 145.00 | 1569.00 | NOTE |
Version: 1.0.7
Check: whether package can be installed
Result: WARN
Found the following significant warnings:
s2/s2edge_distances.cc:282:11: warning: use of bitwise '|' with boolean operands [-Wbitwise-instead-of-logical]
s2/s2edge_distances.cc:305:11: warning: use of bitwise '|' with boolean operands [-Wbitwise-instead-of-logical]
Flavors: r-devel-linux-x86_64-debian-clang, r-devel-linux-x86_64-fedora-clang
Version: 1.0.7
Check: installed package size
Result: NOTE
installed size is 29.5Mb
sub-directories of 1Mb or more:
libs 28.4Mb
Flavors: r-devel-linux-x86_64-fedora-clang, r-release-macos-arm64, r-release-macos-x86_64, r-release-windows-x86_64, r-oldrel-macos-arm64, r-oldrel-macos-x86_64, r-oldrel-windows-ix86+x86_64