Last updated on 2022-04-24 03:52:37 CEST.
Flavor | Version | Tinstall | Tcheck | Ttotal | Status | Flags |
---|---|---|---|---|---|---|
r-devel-linux-x86_64-debian-clang | 1.0.1 | 39.59 | 55.07 | 94.66 | OK | |
r-devel-linux-x86_64-debian-gcc | 1.0.1 | 32.32 | 42.26 | 74.58 | OK | |
r-devel-linux-x86_64-fedora-clang | 1.0.1 | 134.94 | OK | |||
r-devel-linux-x86_64-fedora-gcc | 1.0.1 | 113.43 | OK | |||
r-patched-linux-x86_64 | 1.0.1 | 35.86 | 54.71 | 90.57 | OK | |
r-release-linux-x86_64 | 1.0.1 | 33.75 | 52.47 | 86.22 | OK | |
r-release-macos-arm64 | 1.0.1 | NOTE | ||||
r-release-macos-x86_64 | 1.0.1 | OK | ||||
r-release-windows-x86_64 | 1.0.1 | 42.00 | 101.00 | 143.00 | OK | |
r-oldrel-macos-arm64 | 1.0.1 | NOTE | ||||
r-oldrel-macos-x86_64 | 1.0.1 | OK | ||||
r-oldrel-windows-ix86+x86_64 | 1.0.1 | 93.00 | 94.00 | 187.00 | OK |
Version: 1.0.1
Check: installed package size
Result: NOTE
installed size is 5.2Mb
sub-directories of 1Mb or more:
libs 4.8Mb
Flavors: r-release-macos-arm64, r-oldrel-macos-arm64