Last updated on 2022-04-24 03:52:37 CEST.
Flavor | Version | Tinstall | Tcheck | Ttotal | Status | Flags |
---|---|---|---|---|---|---|
r-devel-linux-x86_64-debian-clang | 1.1.1 | 1.76 | 33.09 | 34.85 | NOTE | |
r-devel-linux-x86_64-debian-gcc | 1.1.1 | 1.63 | 25.61 | 27.24 | NOTE | |
r-devel-linux-x86_64-fedora-clang | 1.1.1 | 44.03 | NOTE | |||
r-devel-linux-x86_64-fedora-gcc | 1.1.1 | 33.45 | NOTE | |||
r-patched-linux-x86_64 | 1.1.1 | 2.03 | 32.70 | 34.73 | NOTE | |
r-release-linux-x86_64 | 1.1.1 | 1.73 | 32.26 | 33.99 | NOTE | |
r-release-macos-arm64 | 1.1.1 | NOTE | ||||
r-release-macos-x86_64 | 1.1.1 | NOTE | ||||
r-release-windows-x86_64 | 1.1.1 | 10.00 | 53.00 | 63.00 | NOTE | |
r-oldrel-macos-arm64 | 1.1.1 | NOTE | ||||
r-oldrel-macos-x86_64 | 1.1.1 | NOTE | ||||
r-oldrel-windows-ix86+x86_64 | 1.1.1 | 4.00 | 29.00 | 33.00 | NOTE |
Version: 1.1.1
Check: DESCRIPTION meta-information
Result: NOTE
Malformed Description field: should contain one or more complete sentences.
Flavors: r-devel-linux-x86_64-debian-clang, r-devel-linux-x86_64-debian-gcc, r-devel-linux-x86_64-fedora-clang, r-devel-linux-x86_64-fedora-gcc, r-patched-linux-x86_64, r-release-linux-x86_64, r-release-macos-arm64, r-release-macos-x86_64, r-release-windows-x86_64, r-oldrel-macos-arm64, r-oldrel-macos-x86_64, r-oldrel-windows-ix86+x86_64
Version: 1.1.1
Check: R code for possible problems
Result: NOTE
K: no visible global function definition for 'dnorm'
sBF: no visible global function definition for 'density'
sBF: no visible global function definition for 'txtProgressBar'
sBF: no visible global function definition for 'setTxtProgressBar'
Undefined global functions or variables:
density dnorm setTxtProgressBar txtProgressBar
Consider adding
importFrom("stats", "density", "dnorm")
importFrom("utils", "setTxtProgressBar", "txtProgressBar")
to your NAMESPACE file.
Flavors: r-devel-linux-x86_64-debian-clang, r-devel-linux-x86_64-debian-gcc, r-devel-linux-x86_64-fedora-clang, r-devel-linux-x86_64-fedora-gcc, r-patched-linux-x86_64, r-release-linux-x86_64, r-release-macos-arm64, r-release-macos-x86_64, r-release-windows-x86_64, r-oldrel-macos-arm64, r-oldrel-macos-x86_64, r-oldrel-windows-ix86+x86_64