Last updated on 2022-04-24 03:52:37 CEST.
Flavor | Version | Tinstall | Tcheck | Ttotal | Status | Flags |
---|---|---|---|---|---|---|
r-devel-linux-x86_64-debian-clang | 0.2.0 | 20.92 | 203.52 | 224.44 | OK | |
r-devel-linux-x86_64-debian-gcc | 0.2.0 | 16.79 | 144.36 | 161.15 | OK | |
r-devel-linux-x86_64-fedora-clang | 0.2.0 | 265.08 | NOTE | |||
r-devel-linux-x86_64-fedora-gcc | 0.2.0 | 249.32 | NOTE | |||
r-patched-linux-x86_64 | 0.2.0 | 17.32 | 190.21 | 207.53 | OK | |
r-release-linux-x86_64 | 0.2.0 | 14.99 | 66.69 | 81.68 | OK | |
r-release-macos-arm64 | 0.2.0 | OK | ||||
r-release-macos-x86_64 | 0.2.0 | OK | ||||
r-release-windows-x86_64 | 0.2.0 | 63.00 | 311.00 | 374.00 | OK | |
r-oldrel-macos-arm64 | 0.2.0 | OK | ||||
r-oldrel-macos-x86_64 | 0.2.0 | OK | ||||
r-oldrel-windows-ix86+x86_64 | 0.2.0 | 49.00 | 116.00 | 165.00 | OK |
Version: 0.2.0
Check: compiled code
Result: NOTE
File ‘sBIC/libs/sBIC.so’:
Found no calls to: ‘R_registerRoutines’, ‘R_useDynamicSymbols’
It is good practice to register native routines and to disable symbol
search.
See ‘Writing portable packages’ in the ‘Writing R Extensions’ manual.
Flavors: r-devel-linux-x86_64-fedora-clang, r-devel-linux-x86_64-fedora-gcc