Last updated on 2022-04-24 03:52:39 CEST.
Flavor | Version | Tinstall | Tcheck | Ttotal | Status | Flags |
---|---|---|---|---|---|---|
r-devel-linux-x86_64-debian-clang | 1.0.0 | 8.16 | 77.49 | 85.65 | NOTE | |
r-devel-linux-x86_64-debian-gcc | 1.0.0 | 7.36 | 58.54 | 65.90 | NOTE | |
r-devel-linux-x86_64-fedora-clang | 1.0.0 | 103.09 | NOTE | |||
r-devel-linux-x86_64-fedora-gcc | 1.0.0 | 90.20 | NOTE | |||
r-patched-linux-x86_64 | 1.0.0 | 6.93 | 73.81 | 80.74 | NOTE | |
r-release-linux-x86_64 | 1.0.0 | 7.07 | 70.26 | 77.33 | NOTE | |
r-release-macos-arm64 | 1.0.0 | NOTE | ||||
r-release-macos-x86_64 | 1.0.0 | NOTE | ||||
r-release-windows-x86_64 | 1.0.0 | 14.00 | 94.00 | 108.00 | NOTE | |
r-oldrel-macos-arm64 | 1.0.0 | NOTE | ||||
r-oldrel-macos-x86_64 | 1.0.0 | NOTE | ||||
r-oldrel-windows-ix86+x86_64 | 1.0.0 | 17.00 | 81.00 | 98.00 | NOTE |
Version: 1.0.0
Check: LazyData
Result: NOTE
'LazyData' is specified without a 'data' directory
Flavors: r-devel-linux-x86_64-debian-clang, r-devel-linux-x86_64-debian-gcc, r-devel-linux-x86_64-fedora-clang, r-devel-linux-x86_64-fedora-gcc, r-patched-linux-x86_64, r-release-linux-x86_64, r-release-macos-arm64, r-release-macos-x86_64, r-release-windows-x86_64, r-oldrel-macos-arm64, r-oldrel-macos-x86_64, r-oldrel-windows-ix86+x86_64