Last updated on 2022-04-24 03:52:39 CEST.
Flavor | Version | Tinstall | Tcheck | Ttotal | Status | Flags |
---|---|---|---|---|---|---|
r-devel-linux-x86_64-debian-clang | 0.1.0 | 2.58 | 42.56 | 45.14 | OK | |
r-devel-linux-x86_64-debian-gcc | 0.1.0 | 2.46 | 31.81 | 34.27 | OK | |
r-devel-linux-x86_64-fedora-clang | 0.1.0 | 54.35 | NOTE | |||
r-devel-linux-x86_64-fedora-gcc | 0.1.0 | 42.97 | NOTE | |||
r-patched-linux-x86_64 | 0.1.0 | 3.10 | 39.91 | 43.01 | OK | |
r-release-linux-x86_64 | 0.1.0 | 2.53 | 38.65 | 41.18 | OK | |
r-release-macos-arm64 | 0.1.0 | NOTE | ||||
r-release-macos-x86_64 | 0.1.0 | NOTE | ||||
r-release-windows-x86_64 | 0.1.0 | 13.00 | 57.00 | 70.00 | OK | |
r-oldrel-macos-arm64 | 0.1.0 | NOTE | ||||
r-oldrel-macos-x86_64 | 0.1.0 | NOTE | ||||
r-oldrel-windows-ix86+x86_64 | 0.1.0 | 7.00 | 49.00 | 56.00 | OK |
Version: 0.1.0
Check: data for non-ASCII characters
Result: NOTE
Note: found 35 marked UTF-8 strings
Flavors: r-devel-linux-x86_64-fedora-clang, r-devel-linux-x86_64-fedora-gcc, r-release-macos-arm64, r-release-macos-x86_64, r-oldrel-macos-arm64, r-oldrel-macos-x86_64