Last updated on 2022-04-24 03:52:37 CEST.
Flavor | Version | Tinstall | Tcheck | Ttotal | Status | Flags |
---|---|---|---|---|---|---|
r-devel-linux-x86_64-debian-clang | 1.0 | 3.70 | 44.07 | 47.77 | OK | |
r-devel-linux-x86_64-debian-gcc | 1.0 | 1.97 | 33.32 | 35.29 | OK | |
r-devel-linux-x86_64-fedora-clang | 1.0 | 57.43 | OK | |||
r-devel-linux-x86_64-fedora-gcc | 1.0 | 45.29 | OK | |||
r-patched-linux-x86_64 | 1.0 | 2.87 | 42.36 | 45.23 | OK | |
r-release-linux-x86_64 | 1.0 | 2.46 | 41.53 | 43.99 | OK | |
r-release-macos-arm64 | 1.0 | ERROR | ||||
r-release-macos-x86_64 | 1.0 | ERROR | ||||
r-release-windows-x86_64 | 1.0 | 12.00 | 60.00 | 72.00 | OK | |
r-oldrel-macos-arm64 | 1.0 | ERROR | ||||
r-oldrel-macos-x86_64 | 1.0 | ERROR | ||||
r-oldrel-windows-ix86+x86_64 | 1.0 | 8.00 | 49.00 | 57.00 | OK |
Version: 1.0
Check: whether package can be installed
Result: ERROR
Installation failed.
Flavors: r-release-macos-arm64, r-release-macos-x86_64, r-oldrel-macos-arm64, r-oldrel-macos-x86_64