Last updated on 2022-04-24 03:52:37 CEST.
Flavor | Version | Tinstall | Tcheck | Ttotal | Status | Flags |
---|---|---|---|---|---|---|
r-devel-linux-x86_64-debian-clang | 0.1.0 | 2.28 | 47.01 | 49.29 | OK | |
r-devel-linux-x86_64-debian-gcc | 0.1.0 | 2.08 | 35.31 | 37.39 | OK | |
r-devel-linux-x86_64-fedora-clang | 0.1.0 | 60.56 | OK | |||
r-devel-linux-x86_64-fedora-gcc | 0.1.0 | 48.40 | OK | |||
r-patched-linux-x86_64 | 0.1.0 | 2.45 | 44.39 | 46.84 | OK | |
r-release-linux-x86_64 | 0.1.0 | 2.68 | 44.07 | 46.75 | OK | |
r-release-macos-arm64 | 0.1.0 | OK | ||||
r-release-macos-x86_64 | 0.1.0 | ERROR | ||||
r-release-windows-x86_64 | 0.1.0 | 15.00 | 68.00 | 83.00 | OK | |
r-oldrel-macos-arm64 | 0.1.0 | OK | ||||
r-oldrel-macos-x86_64 | 0.1.0 | ERROR | ||||
r-oldrel-windows-ix86+x86_64 | 0.1.0 | 5.00 | 53.00 | 58.00 | OK |
Version: 0.1.0
Check: whether package can be installed
Result: ERROR
Installation failed.
Flavors: r-release-macos-x86_64, r-oldrel-macos-x86_64