Last updated on 2022-04-24 03:52:37 CEST.
Flavor | Version | Tinstall | Tcheck | Ttotal | Status | Flags |
---|---|---|---|---|---|---|
r-devel-linux-x86_64-debian-clang | 0.1.0 | 2.92 | 39.13 | 42.05 | OK | |
r-devel-linux-x86_64-debian-gcc | 0.1.0 | 2.33 | 30.41 | 32.74 | OK | |
r-devel-linux-x86_64-fedora-clang | 0.1.0 | 52.09 | OK | |||
r-devel-linux-x86_64-fedora-gcc | 0.1.0 | 40.25 | OK | |||
r-patched-linux-x86_64 | 0.1.0 | 3.16 | 37.25 | 40.41 | OK | |
r-release-linux-x86_64 | 0.1.0 | 2.06 | 37.00 | 39.06 | OK | |
r-release-macos-arm64 | 0.1.0 | OK | ||||
r-release-macos-x86_64 | 0.1.0 | ERROR | ||||
r-release-windows-x86_64 | 0.1.0 | 12.00 | 65.00 | 77.00 | OK | |
r-oldrel-macos-arm64 | 0.1.0 | OK | ||||
r-oldrel-macos-x86_64 | 0.1.0 | ERROR | ||||
r-oldrel-windows-ix86+x86_64 | 0.1.0 | 7.00 | 46.00 | 53.00 | OK |
Version: 0.1.0
Check: whether package can be installed
Result: ERROR
Installation failed.
Flavors: r-release-macos-x86_64, r-oldrel-macos-x86_64