Last updated on 2022-04-24 03:52:37 CEST.
Flavor | Version | Tinstall | Tcheck | Ttotal | Status | Flags |
---|---|---|---|---|---|---|
r-devel-linux-x86_64-debian-clang | 0.2.1 | 6.18 | 59.96 | 66.14 | OK | |
r-devel-linux-x86_64-debian-gcc | 0.2.1 | 6.83 | 44.68 | 51.51 | OK | |
r-devel-linux-x86_64-fedora-clang | 0.2.1 | 81.11 | NOTE | |||
r-devel-linux-x86_64-fedora-gcc | 0.2.1 | 69.37 | NOTE | |||
r-patched-linux-x86_64 | 0.2.1 | 7.01 | 56.46 | 63.47 | OK | |
r-release-linux-x86_64 | 0.2.1 | 4.83 | 56.33 | 61.16 | OK | |
r-release-macos-arm64 | 0.2.1 | ERROR | ||||
r-release-macos-x86_64 | 0.2.1 | ERROR | ||||
r-release-windows-x86_64 | 0.2.1 | 15.00 | 76.00 | 91.00 | OK | |
r-oldrel-macos-arm64 | 0.2.1 | ERROR | ||||
r-oldrel-macos-x86_64 | 0.2.1 | ERROR | ||||
r-oldrel-windows-ix86+x86_64 | 0.2.1 | 14.00 | 66.00 | 80.00 | OK |
Version: 0.2.1
Check: dependencies in R code
Result: NOTE
Namespaces in Imports field not imported from:
‘CARBayesdata’ ‘MASS’ ‘nimble’
All declared Imports should be used.
Flavors: r-devel-linux-x86_64-fedora-clang, r-devel-linux-x86_64-fedora-gcc
Version: 0.2.1
Check: whether package can be installed
Result: ERROR
Installation failed.
Flavors: r-release-macos-arm64, r-release-macos-x86_64, r-oldrel-macos-arm64, r-oldrel-macos-x86_64