Last updated on 2022-04-24 03:52:37 CEST.
Flavor | Version | Tinstall | Tcheck | Ttotal | Status | Flags |
---|---|---|---|---|---|---|
r-devel-linux-x86_64-debian-clang | 0.1.0 | 3.61 | 55.10 | 58.71 | OK | |
r-devel-linux-x86_64-debian-gcc | 0.1.0 | 2.04 | 41.50 | 43.54 | OK | |
r-devel-linux-x86_64-fedora-clang | 0.1.0 | 70.28 | OK | |||
r-devel-linux-x86_64-fedora-gcc | 0.1.0 | 57.38 | OK | |||
r-patched-linux-x86_64 | 0.1.0 | 2.99 | 52.73 | 55.72 | OK | |
r-release-linux-x86_64 | 0.1.0 | 3.08 | 50.80 | 53.88 | OK | |
r-release-macos-arm64 | 0.1.0 | OK | ||||
r-release-macos-x86_64 | 0.1.0 | ERROR | ||||
r-release-windows-x86_64 | 0.1.0 | 16.00 | 75.00 | 91.00 | OK | |
r-oldrel-macos-arm64 | 0.1.0 | OK | ||||
r-oldrel-macos-x86_64 | 0.1.0 | ERROR | ||||
r-oldrel-windows-ix86+x86_64 | 0.1.0 | 7.00 | 61.00 | 68.00 | OK |
Version: 0.1.0
Check: whether package can be installed
Result: ERROR
Installation failed.
Flavors: r-release-macos-x86_64, r-oldrel-macos-x86_64