Last updated on 2022-04-24 03:52:37 CEST.
Flavor | Version | Tinstall | Tcheck | Ttotal | Status | Flags |
---|---|---|---|---|---|---|
r-devel-linux-x86_64-debian-clang | 0.1.0 | 2.76 | 38.02 | 40.78 | OK | |
r-devel-linux-x86_64-debian-gcc | 0.1.0 | 2.08 | 29.04 | 31.12 | OK | |
r-devel-linux-x86_64-fedora-clang | 0.1.0 | 50.26 | OK | |||
r-devel-linux-x86_64-fedora-gcc | 0.1.0 | 38.07 | OK | |||
r-patched-linux-x86_64 | 0.1.0 | 2.23 | 36.36 | 38.59 | OK | |
r-release-linux-x86_64 | 0.1.0 | 1.64 | 35.24 | 36.88 | OK | |
r-release-macos-arm64 | 0.1.0 | OK | ||||
r-release-macos-x86_64 | 0.1.0 | ERROR | ||||
r-release-windows-x86_64 | 0.1.0 | 20.00 | 57.00 | 77.00 | OK | |
r-oldrel-macos-arm64 | 0.1.0 | OK | ||||
r-oldrel-macos-x86_64 | 0.1.0 | ERROR | ||||
r-oldrel-windows-ix86+x86_64 | 0.1.0 | 6.00 | 44.00 | 50.00 | OK |
Version: 0.1.0
Check: whether package can be installed
Result: ERROR
Installation failed.
Flavors: r-release-macos-x86_64, r-oldrel-macos-x86_64