Last updated on 2022-04-24 03:52:37 CEST.
Flavor | Version | Tinstall | Tcheck | Ttotal | Status | Flags |
---|---|---|---|---|---|---|
r-devel-linux-x86_64-debian-clang | 0.1.0 | 3.56 | 64.22 | 67.78 | OK | |
r-devel-linux-x86_64-debian-gcc | 0.1.0 | 2.64 | 48.02 | 50.66 | OK | |
r-devel-linux-x86_64-fedora-clang | 0.1.0 | 82.28 | OK | |||
r-devel-linux-x86_64-fedora-gcc | 0.1.0 | 67.64 | OK | |||
r-patched-linux-x86_64 | 0.1.0 | 3.40 | 61.23 | 64.63 | OK | |
r-release-linux-x86_64 | 0.1.0 | 2.44 | 58.06 | 60.50 | OK | |
r-release-macos-arm64 | 0.1.0 | OK | ||||
r-release-macos-x86_64 | 0.1.0 | ERROR | ||||
r-release-windows-x86_64 | 0.1.0 | 23.00 | 82.00 | 105.00 | OK | |
r-oldrel-macos-arm64 | 0.1.0 | OK | ||||
r-oldrel-macos-x86_64 | 0.1.0 | ERROR | ||||
r-oldrel-windows-ix86+x86_64 | 0.1.0 | 7.00 | 68.00 | 75.00 | OK |
Version: 0.1.0
Check: whether package can be installed
Result: ERROR
Installation failed.
Flavors: r-release-macos-x86_64, r-oldrel-macos-x86_64