Last updated on 2022-04-24 03:52:37 CEST.
Flavor | Version | Tinstall | Tcheck | Ttotal | Status | Flags |
---|---|---|---|---|---|---|
r-devel-linux-x86_64-debian-clang | 0.1.0 | 2.94 | 47.11 | 50.05 | OK | |
r-devel-linux-x86_64-debian-gcc | 0.1.0 | 2.23 | 36.18 | 38.41 | OK | |
r-devel-linux-x86_64-fedora-clang | 0.1.0 | 62.07 | OK | |||
r-devel-linux-x86_64-fedora-gcc | 0.1.0 | 50.12 | OK | |||
r-patched-linux-x86_64 | 0.1.0 | 2.66 | 45.71 | 48.37 | OK | |
r-release-linux-x86_64 | 0.1.0 | 2.62 | 44.42 | 47.04 | OK | |
r-release-macos-arm64 | 0.1.0 | OK | ||||
r-release-macos-x86_64 | 0.1.0 | ERROR | ||||
r-release-windows-x86_64 | 0.1.0 | 10.00 | 76.00 | 86.00 | OK | |
r-oldrel-macos-arm64 | 0.1.0 | OK | ||||
r-oldrel-macos-x86_64 | 0.1.0 | ERROR | ||||
r-oldrel-windows-ix86+x86_64 | 0.1.0 | 7.00 | 57.00 | 64.00 | OK |
Version: 0.1.0
Check: whether package can be installed
Result: ERROR
Installation failed.
Flavors: r-release-macos-x86_64, r-oldrel-macos-x86_64