Last updated on 2022-04-24 03:52:37 CEST.
Flavor | Version | Tinstall | Tcheck | Ttotal | Status | Flags |
---|---|---|---|---|---|---|
r-devel-linux-x86_64-debian-clang | 1.0 | 70.67 | 90.80 | 161.47 | OK | |
r-devel-linux-x86_64-debian-gcc | 1.0 | 52.76 | 66.96 | 119.72 | OK | |
r-devel-linux-x86_64-fedora-clang | 1.0 | 207.09 | NOTE | |||
r-devel-linux-x86_64-fedora-gcc | 1.0 | 183.24 | OK | |||
r-patched-linux-x86_64 | 1.0 | 54.83 | 86.55 | 141.38 | OK | |
r-release-linux-x86_64 | 1.0 | 51.31 | 82.87 | 134.18 | OK | |
r-release-macos-arm64 | 1.0 | NOTE | ||||
r-release-macos-x86_64 | 1.0 | NOTE | ||||
r-release-windows-x86_64 | 1.0 | 64.00 | 125.00 | 189.00 | OK | |
r-oldrel-macos-arm64 | 1.0 | NOTE | ||||
r-oldrel-macos-x86_64 | 1.0 | NOTE | ||||
r-oldrel-windows-ix86+x86_64 | 1.0 | 140.00 | 145.00 | 285.00 | OK |
Version: 1.0
Check: installed package size
Result: NOTE
installed size is 5.1Mb
sub-directories of 1Mb or more:
libs 5.0Mb
Flavors: r-devel-linux-x86_64-fedora-clang, r-release-macos-arm64, r-release-macos-x86_64, r-oldrel-macos-arm64, r-oldrel-macos-x86_64