Last updated on 2022-04-24 03:52:37 CEST.
Flavor | Version | Tinstall | Tcheck | Ttotal | Status | Flags |
---|---|---|---|---|---|---|
r-devel-linux-x86_64-debian-clang | 0.2.0 | 49.98 | 249.18 | 299.16 | NOTE | |
r-devel-linux-x86_64-debian-gcc | 0.2.0 | 42.86 | 186.22 | 229.08 | NOTE | |
r-devel-linux-x86_64-fedora-clang | 0.2.0 | 400.63 | NOTE | |||
r-devel-linux-x86_64-fedora-gcc | 0.2.0 | 361.56 | NOTE | |||
r-patched-linux-x86_64 | 0.2.0 | 42.81 | 245.34 | 288.15 | NOTE | |
r-release-linux-x86_64 | 0.2.0 | 42.49 | 231.22 | 273.71 | NOTE | |
r-release-macos-arm64 | 0.2.0 | NOTE | ||||
r-release-macos-x86_64 | 0.2.0 | NOTE | ||||
r-release-windows-x86_64 | 0.2.0 | 97.00 | 408.00 | 505.00 | NOTE | |
r-oldrel-macos-arm64 | 0.2.0 | NOTE | ||||
r-oldrel-macos-x86_64 | 0.2.0 | NOTE | ||||
r-oldrel-windows-ix86+x86_64 | 0.2.0 | 120.00 | 570.00 | 690.00 | NOTE |
Version: 0.2.0
Check: LazyData
Result: NOTE
'LazyData' is specified without a 'data' directory
Flavors: r-devel-linux-x86_64-debian-clang, r-devel-linux-x86_64-debian-gcc, r-devel-linux-x86_64-fedora-clang, r-devel-linux-x86_64-fedora-gcc, r-patched-linux-x86_64, r-release-linux-x86_64, r-release-macos-arm64, r-release-macos-x86_64, r-release-windows-x86_64, r-oldrel-macos-arm64, r-oldrel-macos-x86_64, r-oldrel-windows-ix86+x86_64