Last updated on 2022-04-24 03:52:37 CEST.
Flavor | Version | Tinstall | Tcheck | Ttotal | Status | Flags |
---|---|---|---|---|---|---|
r-devel-linux-x86_64-debian-clang | 0.11.0 | 33.73 | 366.65 | 400.38 | OK | |
r-devel-linux-x86_64-debian-gcc | 0.11.0 | 26.69 | 268.85 | 295.54 | OK | |
r-devel-linux-x86_64-fedora-clang | 0.11.0 | 511.72 | NOTE | |||
r-devel-linux-x86_64-fedora-gcc | 0.11.0 | 481.66 | OK | |||
r-patched-linux-x86_64 | 0.11.0 | 39.43 | 346.30 | 385.73 | OK | |
r-release-linux-x86_64 | 0.11.0 | 27.87 | 314.00 | 341.87 | OK | |
r-release-macos-arm64 | 0.11.0 | OK | ||||
r-release-macos-x86_64 | 0.11.0 | OK | ||||
r-release-windows-x86_64 | 0.11.0 | 47.00 | 364.00 | 411.00 | OK | |
r-oldrel-macos-arm64 | 0.11.0 | OK | ||||
r-oldrel-macos-x86_64 | 0.11.0 | OK | ||||
r-oldrel-windows-ix86+x86_64 | 0.11.0 | 75.00 | 372.00 | 447.00 | OK |
Version: 0.11.0
Check: Rd cross-references
Result: NOTE
Undeclared package ‘magrittr’ in Rd xrefs
Flavor: r-devel-linux-x86_64-fedora-clang