Last updated on 2022-04-24 03:52:37 CEST.
Flavor | Version | Tinstall | Tcheck | Ttotal | Status | Flags |
---|---|---|---|---|---|---|
r-devel-linux-x86_64-debian-clang | 1.0.0 | 17.64 | 59.58 | 77.22 | OK | |
r-devel-linux-x86_64-debian-gcc | 1.0.0 | 21.24 | 47.90 | 69.14 | OK | |
r-devel-linux-x86_64-fedora-clang | 1.0.0 | 103.09 | NOTE | |||
r-devel-linux-x86_64-fedora-gcc | 1.0.0 | 94.92 | NOTE | |||
r-patched-linux-x86_64 | 1.0.0 | 20.06 | 56.94 | 77.00 | OK | |
r-release-linux-x86_64 | 1.0.0 | 19.80 | 57.51 | 77.31 | OK | |
r-release-macos-arm64 | 1.0.0 | NOTE | ||||
r-release-macos-x86_64 | 1.0.0 | NOTE | ||||
r-release-windows-x86_64 | 1.0.0 | 70.00 | 88.00 | 158.00 | OK | |
r-oldrel-macos-arm64 | 1.0.0 | NOTE | ||||
r-oldrel-macos-x86_64 | 1.0.0 | NOTE | ||||
r-oldrel-windows-ix86+x86_64 | 1.0.0 | 43.00 | 54.00 | 97.00 | OK |
Version: 1.0.0
Check: data for non-ASCII characters
Result: NOTE
Note: found 3 marked Latin-1 strings
Flavors: r-devel-linux-x86_64-fedora-clang, r-devel-linux-x86_64-fedora-gcc, r-release-macos-arm64, r-release-macos-x86_64, r-oldrel-macos-arm64, r-oldrel-macos-x86_64