Last updated on 2022-04-24 03:52:37 CEST.
Flavor | Version | Tinstall | Tcheck | Ttotal | Status | Flags |
---|---|---|---|---|---|---|
r-devel-linux-x86_64-debian-clang | 0.1.0 | 5.46 | 176.55 | 182.01 | NOTE | |
r-devel-linux-x86_64-debian-gcc | 0.1.0 | 4.35 | 128.60 | 132.95 | NOTE | |
r-devel-linux-x86_64-fedora-clang | 0.1.0 | 217.94 | NOTE | |||
r-devel-linux-x86_64-fedora-gcc | 0.1.0 | 209.96 | NOTE | |||
r-patched-linux-x86_64 | 0.1.0 | 5.07 | 167.33 | 172.40 | OK | |
r-release-linux-x86_64 | 0.1.0 | 4.07 | 166.86 | 170.93 | OK | |
r-release-macos-arm64 | 0.1.0 | OK | ||||
r-release-macos-x86_64 | 0.1.0 | OK | ||||
r-release-windows-x86_64 | 0.1.0 | 26.00 | 200.00 | 226.00 | OK | |
r-oldrel-macos-arm64 | 0.1.0 | OK | ||||
r-oldrel-macos-x86_64 | 0.1.0 | OK | ||||
r-oldrel-windows-ix86+x86_64 | 0.1.0 | 9.00 | 198.00 | 207.00 | OK |
Version: 0.1.0
Check: Rd files
Result: NOTE
checkRd: (7) file 'gendata.Rd': \item in \describe must have non-empty label
checkRd: (7) file 'sailsim.Rd': \item in \describe must have non-empty label
Flavors: r-devel-linux-x86_64-debian-clang, r-devel-linux-x86_64-debian-gcc, r-devel-linux-x86_64-fedora-clang, r-devel-linux-x86_64-fedora-gcc