Last updated on 2022-04-24 03:52:37 CEST.
Flavor | Version | Tinstall | Tcheck | Ttotal | Status | Flags |
---|---|---|---|---|---|---|
r-devel-linux-x86_64-debian-clang | 2.0.0 | 165.58 | 12.68 | 178.26 | ERROR | |
r-devel-linux-x86_64-debian-gcc | 2.0.0 | 154.79 | 323.83 | 478.62 | OK | |
r-devel-linux-x86_64-fedora-clang | 2.0.0 | 784.31 | NOTE | |||
r-devel-linux-x86_64-fedora-gcc | 2.0.0 | 755.63 | OK | |||
r-patched-linux-x86_64 | 2.0.0 | 167.96 | 422.85 | 590.81 | OK | |
r-release-linux-x86_64 | 2.0.0 | 168.31 | 487.35 | 655.66 | OK | |
r-release-macos-arm64 | 2.0.0 | NOTE | ||||
r-release-macos-x86_64 | 2.0.0 | NOTE | ||||
r-release-windows-x86_64 | 2.0.0 | 155.00 | 464.00 | 619.00 | NOTE | |
r-oldrel-macos-arm64 | 2.0.0 | NOTE | ||||
r-oldrel-macos-x86_64 | 2.0.0 | NOTE | ||||
r-oldrel-windows-ix86+x86_64 | 2.0.0 | 365.00 | 710.00 | 1075.00 | NOTE |
Version: 2.0.0
Check: whether package can be installed
Result: ERROR
Installation failed.
Flavor: r-devel-linux-x86_64-debian-clang
Version: 2.0.0
Check: installed package size
Result: NOTE
installed size is 16.2Mb
sub-directories of 1Mb or more:
doc 3.1Mb
libs 12.2Mb
Flavors: r-devel-linux-x86_64-fedora-clang, r-release-macos-arm64, r-release-macos-x86_64, r-release-windows-x86_64, r-oldrel-macos-arm64, r-oldrel-macos-x86_64, r-oldrel-windows-ix86+x86_64