Last updated on 2022-04-24 03:52:37 CEST.
Flavor | Version | Tinstall | Tcheck | Ttotal | Status | Flags |
---|---|---|---|---|---|---|
r-devel-linux-x86_64-debian-clang | 0.1.0 | 81.92 | 134.95 | 216.87 | OK | |
r-devel-linux-x86_64-debian-gcc | 0.1.0 | 67.72 | 99.26 | 166.98 | OK | |
r-devel-linux-x86_64-fedora-clang | 0.1.0 | 289.46 | NOTE | |||
r-devel-linux-x86_64-fedora-gcc | 0.1.0 | 267.60 | OK | |||
r-patched-linux-x86_64 | 0.1.0 | 76.19 | 132.08 | 208.27 | OK | |
r-release-linux-x86_64 | 0.1.0 | 71.16 | 139.06 | 210.22 | OK | |
r-release-macos-arm64 | 0.1.0 | NOTE | ||||
r-release-macos-x86_64 | 0.1.0 | NOTE | ||||
r-release-windows-x86_64 | 0.1.0 | 142.00 | 204.00 | 346.00 | NOTE | |
r-oldrel-macos-arm64 | 0.1.0 | NOTE | ||||
r-oldrel-macos-x86_64 | 0.1.0 | NOTE | ||||
r-oldrel-windows-ix86+x86_64 | 0.1.0 | 204.00 | 219.00 | 423.00 | NOTE |
Version: 0.1.0
Check: installed package size
Result: NOTE
installed size is 8.9Mb
sub-directories of 1Mb or more:
doc 2.3Mb
help 3.4Mb
libs 2.7Mb
Flavors: r-devel-linux-x86_64-fedora-clang, r-release-macos-arm64, r-release-macos-x86_64, r-release-windows-x86_64, r-oldrel-macos-arm64, r-oldrel-macos-x86_64, r-oldrel-windows-ix86+x86_64