Last updated on 2022-04-24 03:52:37 CEST.
Flavor | Version | Tinstall | Tcheck | Ttotal | Status | Flags |
---|---|---|---|---|---|---|
r-devel-linux-x86_64-debian-clang | 2.0.0 | 3.20 | 38.88 | 42.08 | OK | |
r-devel-linux-x86_64-debian-gcc | 2.0.0 | 2.23 | 30.31 | 32.54 | OK | |
r-devel-linux-x86_64-fedora-clang | 2.0.0 | 59.42 | NOTE | |||
r-devel-linux-x86_64-fedora-gcc | 2.0.0 | 43.88 | NOTE | |||
r-patched-linux-x86_64 | 2.0.0 | 3.20 | 37.45 | 40.65 | OK | |
r-release-linux-x86_64 | 2.0.0 | 1.91 | 40.29 | 42.20 | OK | |
r-release-macos-arm64 | 2.0.0 | NOTE | ||||
r-release-macos-x86_64 | 2.0.0 | NOTE | ||||
r-release-windows-x86_64 | 2.0.0 | 21.00 | 62.00 | 83.00 | OK | |
r-oldrel-macos-arm64 | 2.0.0 | NOTE | ||||
r-oldrel-macos-x86_64 | 2.0.0 | NOTE | ||||
r-oldrel-windows-ix86+x86_64 | 2.0.0 | 7.00 | 50.00 | 57.00 | OK |
Version: 2.0.0
Check: data for non-ASCII characters
Result: NOTE
Note: found 6 marked UTF-8 strings
Flavors: r-devel-linux-x86_64-fedora-clang, r-devel-linux-x86_64-fedora-gcc, r-release-macos-arm64, r-release-macos-x86_64, r-oldrel-macos-arm64, r-oldrel-macos-x86_64
Version: 2.0.0
Check: package dependencies
Result: NOTE
Packages suggested but not available for checking:
'GO.db', 'GOstats', 'org.Sc.sgd.db'
Flavors: r-release-macos-arm64, r-oldrel-macos-arm64
Version: 2.0.0
Check: package dependencies
Result: NOTE
Packages suggested but not available for checking: 'GO.db', 'org.Sc.sgd.db'
Flavors: r-release-macos-x86_64, r-oldrel-macos-x86_64