Last updated on 2022-04-24 03:52:37 CEST.
Flavor | Version | Tinstall | Tcheck | Ttotal | Status | Flags |
---|---|---|---|---|---|---|
r-devel-linux-x86_64-debian-clang | 0.1.0 | 2.81 | 40.80 | 43.61 | OK | |
r-devel-linux-x86_64-debian-gcc | 0.1.0 | 2.37 | 31.22 | 33.59 | OK | |
r-devel-linux-x86_64-fedora-clang | 0.1.0 | 52.33 | OK | |||
r-devel-linux-x86_64-fedora-gcc | 0.1.0 | 40.55 | OK | |||
r-patched-linux-x86_64 | 0.1.0 | 1.90 | 39.13 | 41.03 | OK | |
r-release-linux-x86_64 | 0.1.0 | 2.88 | 37.24 | 40.12 | OK | |
r-release-macos-arm64 | 0.1.0 | OK | ||||
r-release-macos-x86_64 | 0.1.0 | WARN | ||||
r-release-windows-x86_64 | 0.1.0 | 30.00 | 62.00 | 92.00 | OK | |
r-oldrel-macos-arm64 | 0.1.0 | OK | ||||
r-oldrel-macos-x86_64 | 0.1.0 | WARN | ||||
r-oldrel-windows-ix86+x86_64 | 0.1.0 | 7.00 | 47.00 | 54.00 | OK |
Version: 0.1.0
Check: re-building of vignette outputs
Result: WARN
Error(s) in re-building vignettes:
...
--- re-building ‘sankeywheel.Rmd’ using rmarkdown
Warning in engine$weave(file, quiet = quiet, encoding = enc) :
Pandoc (>= 1.12.3) not available. Falling back to R Markdown v1.
Quitting from lines 43-44 (sankeywheel.Rmd)
Error: processing vignette 'sankeywheel.Rmd' failed with diagnostics:
invalid 'path' argument
--- failed re-building ‘sankeywheel.Rmd’
SUMMARY: processing the following file failed:
‘sankeywheel.Rmd’
Error: Vignette re-building failed.
Execution halted
Flavors: r-release-macos-x86_64, r-oldrel-macos-x86_64