Last updated on 2022-04-24 03:52:37 CEST.
Flavor | Version | Tinstall | Tcheck | Ttotal | Status | Flags |
---|---|---|---|---|---|---|
r-devel-linux-x86_64-debian-clang | 1.2.0 | 6.43 | 198.03 | 204.46 | OK | |
r-devel-linux-x86_64-debian-gcc | 1.2.0 | 6.18 | 144.36 | 150.54 | OK | |
r-devel-linux-x86_64-fedora-clang | 1.2.0 | 238.04 | NOTE | |||
r-devel-linux-x86_64-fedora-gcc | 1.2.0 | 224.51 | NOTE | |||
r-patched-linux-x86_64 | 1.2.0 | 6.50 | 187.64 | 194.14 | OK | |
r-release-linux-x86_64 | 1.2.0 | 5.39 | 195.59 | 200.98 | OK | |
r-release-macos-arm64 | 1.2.0 | NOTE | ||||
r-release-macos-x86_64 | 1.2.0 | NOTE | ||||
r-release-windows-x86_64 | 1.2.0 | 41.00 | 211.00 | 252.00 | OK | |
r-oldrel-macos-arm64 | 1.2.0 | NOTE | ||||
r-oldrel-macos-x86_64 | 1.2.0 | NOTE | ||||
r-oldrel-windows-ix86+x86_64 | 1.2.0 | 16.00 | 210.00 | 226.00 | OK |
Version: 1.2.0
Check: dependencies in R code
Result: NOTE
Namespaces in Imports field not imported from:
‘DT’ ‘gridExtra’
All declared Imports should be used.
Flavors: r-devel-linux-x86_64-fedora-clang, r-devel-linux-x86_64-fedora-gcc, r-release-macos-arm64, r-release-macos-x86_64, r-oldrel-macos-arm64, r-oldrel-macos-x86_64