Last updated on 2022-04-24 03:52:37 CEST.
Flavor | Version | Tinstall | Tcheck | Ttotal | Status | Flags |
---|---|---|---|---|---|---|
r-devel-linux-x86_64-debian-clang | 0.1.3 | 13.58 | 236.73 | 250.31 | OK | |
r-devel-linux-x86_64-debian-gcc | 0.1.3 | 9.33 | 169.79 | 179.12 | OK | |
r-devel-linux-x86_64-fedora-clang | 0.1.3 | 292.29 | NOTE | |||
r-devel-linux-x86_64-fedora-gcc | 0.1.3 | 274.78 | NOTE | |||
r-patched-linux-x86_64 | 0.1.3 | 16.68 | 215.09 | 231.77 | OK | |
r-release-linux-x86_64 | 0.1.3 | 7.53 | 222.13 | 229.66 | OK | |
r-release-macos-arm64 | 0.1.3 | NOTE | ||||
r-release-macos-x86_64 | 0.1.3 | NOTE | ||||
r-release-windows-x86_64 | 0.1.3 | 122.00 | 276.00 | 398.00 | OK | |
r-oldrel-macos-arm64 | 0.1.3 | NOTE | ||||
r-oldrel-macos-x86_64 | 0.1.3 | NOTE | ||||
r-oldrel-windows-ix86+x86_64 | 0.1.3 | 34.00 | 266.00 | 300.00 | OK |
Version: 0.1.3
Check: data for non-ASCII characters
Result: NOTE
Note: found 4 marked UTF-8 strings
Flavors: r-devel-linux-x86_64-fedora-clang, r-devel-linux-x86_64-fedora-gcc, r-release-macos-arm64, r-release-macos-x86_64, r-oldrel-macos-arm64, r-oldrel-macos-x86_64