Last updated on 2022-04-24 03:52:37 CEST.
Flavor | Version | Tinstall | Tcheck | Ttotal | Status | Flags |
---|---|---|---|---|---|---|
r-devel-linux-x86_64-debian-clang | 0.2.21 | 6.08 | 61.33 | 67.41 | NOTE | |
r-devel-linux-x86_64-debian-gcc | 0.2.21 | 3.98 | 45.28 | 49.26 | NOTE | |
r-devel-linux-x86_64-fedora-clang | 0.2.21 | 77.54 | NOTE | |||
r-devel-linux-x86_64-fedora-gcc | 0.2.21 | 65.01 | NOTE | |||
r-patched-linux-x86_64 | 0.2.21 | 5.60 | 56.85 | 62.45 | NOTE | |
r-release-linux-x86_64 | 0.2.21 | 2.94 | 53.98 | 56.92 | NOTE | |
r-release-macos-arm64 | 0.2.21 | NOTE | ||||
r-release-macos-x86_64 | 0.2.21 | NOTE | ||||
r-release-windows-x86_64 | 0.2.21 | 13.00 | 79.00 | 92.00 | NOTE | |
r-oldrel-macos-arm64 | 0.2.21 | NOTE | ||||
r-oldrel-macos-x86_64 | 0.2.21 | NOTE | ||||
r-oldrel-windows-ix86+x86_64 | 0.2.21 | 12.00 | 65.00 | 77.00 | NOTE |
Version: 0.2.21
Check: LazyData
Result: NOTE
'LazyData' is specified without a 'data' directory
Flavors: r-devel-linux-x86_64-debian-clang, r-devel-linux-x86_64-debian-gcc, r-devel-linux-x86_64-fedora-clang, r-devel-linux-x86_64-fedora-gcc, r-patched-linux-x86_64, r-release-linux-x86_64, r-release-macos-arm64, r-release-macos-x86_64, r-release-windows-x86_64, r-oldrel-macos-arm64, r-oldrel-macos-x86_64, r-oldrel-windows-ix86+x86_64