Last updated on 2022-04-24 03:52:37 CEST.
Flavor | Version | Tinstall | Tcheck | Ttotal | Status | Flags |
---|---|---|---|---|---|---|
r-devel-linux-x86_64-debian-clang | 0.9 | 69.21 | 316.28 | 385.49 | NOTE | |
r-devel-linux-x86_64-debian-gcc | 0.9 | 62.72 | 225.31 | 288.03 | NOTE | |
r-devel-linux-x86_64-fedora-clang | 0.9 | 494.61 | NOTE | |||
r-devel-linux-x86_64-fedora-gcc | 0.9 | 481.17 | NOTE | |||
r-patched-linux-x86_64 | 0.9 | 69.00 | 308.28 | 377.28 | NOTE | |
r-release-linux-x86_64 | 0.9 | 63.67 | 306.62 | 370.29 | NOTE | |
r-release-macos-arm64 | 0.9 | NOTE | ||||
r-release-macos-x86_64 | 0.9 | OK | ||||
r-release-windows-x86_64 | 0.9 | 114.00 | 367.00 | 481.00 | OK | |
r-oldrel-macos-arm64 | 0.9 | NOTE | ||||
r-oldrel-macos-x86_64 | 0.9 | OK | ||||
r-oldrel-windows-ix86+x86_64 | 0.9 | 175.00 | 616.00 | 791.00 | OK |
Version: 0.9
Check: package dependencies
Result: NOTE
Package suggested but not available for checking: 'FitARMA'
Flavors: r-devel-linux-x86_64-debian-clang, r-devel-linux-x86_64-debian-gcc, r-devel-linux-x86_64-fedora-clang, r-devel-linux-x86_64-fedora-gcc, r-patched-linux-x86_64, r-release-linux-x86_64
Version: 0.9
Check: installed package size
Result: NOTE
installed size is 5.2Mb
sub-directories of 1Mb or more:
libs 3.8Mb
Flavors: r-release-macos-arm64, r-oldrel-macos-arm64