Last updated on 2022-04-24 03:52:37 CEST.
Flavor | Version | Tinstall | Tcheck | Ttotal | Status | Flags |
---|---|---|---|---|---|---|
r-devel-linux-x86_64-debian-clang | 1.3.5 | 42.07 | 654.85 | 696.92 | OK | |
r-devel-linux-x86_64-debian-gcc | 1.3.5 | 35.00 | 460.05 | 495.05 | OK | |
r-devel-linux-x86_64-fedora-clang | 1.3.5 | 800.14 | OK | |||
r-devel-linux-x86_64-fedora-gcc | 1.3.5 | 7.97 | ERROR | |||
r-patched-linux-x86_64 | 1.3.5 | 41.38 | 623.54 | 664.92 | OK | |
r-release-linux-x86_64 | 1.3.5 | 34.45 | 580.47 | 614.92 | OK | |
r-release-macos-arm64 | 1.3.5 | OK | ||||
r-release-macos-x86_64 | 1.3.5 | OK | ||||
r-release-windows-x86_64 | 1.3.5 | 56.00 | 609.00 | 665.00 | OK | |
r-oldrel-macos-arm64 | 1.3.5 | OK | ||||
r-oldrel-macos-x86_64 | 1.3.5 | OK | ||||
r-oldrel-windows-ix86+x86_64 | 1.3.5 | 83.00 | 665.00 | 748.00 | OK |
Version: 1.3.5
Check: whether package can be installed
Result: ERROR
Installation failed.
Flavor: r-devel-linux-x86_64-fedora-gcc