Last updated on 2022-04-24 03:52:37 CEST.
Flavor | Version | Tinstall | Tcheck | Ttotal | Status | Flags |
---|---|---|---|---|---|---|
r-devel-linux-x86_64-debian-clang | 0.6.9 | 186.44 | 370.62 | 557.06 | OK | |
r-devel-linux-x86_64-debian-gcc | 0.6.9 | 165.78 | 335.64 | 501.42 | OK | |
r-devel-linux-x86_64-fedora-clang | 0.6.9 | 767.29 | NOTE | |||
r-devel-linux-x86_64-fedora-gcc | 0.6.9 | 666.00 | OK | |||
r-patched-linux-x86_64 | 0.6.9 | 176.31 | 361.35 | 537.66 | OK | |
r-release-linux-x86_64 | 0.6.9 | 163.36 | 362.31 | 525.67 | OK | |
r-release-macos-arm64 | 0.6.9 | NOTE | ||||
r-release-macos-x86_64 | 0.6.9 | NOTE | ||||
r-release-windows-x86_64 | 0.6.9 | 82.00 | 113.00 | 195.00 | NOTE | |
r-oldrel-macos-arm64 | 0.6.9 | NOTE | ||||
r-oldrel-macos-x86_64 | 0.6.9 | NOTE | ||||
r-oldrel-windows-ix86+x86_64 | 0.6.9 | 23.00 | 121.00 | 144.00 | NOTE |
Version: 0.6.9
Check: installed package size
Result: NOTE
installed size is 34.5Mb
sub-directories of 1Mb or more:
bin 33.7Mb
Flavors: r-devel-linux-x86_64-fedora-clang, r-release-macos-arm64, r-release-macos-x86_64, r-release-windows-x86_64, r-oldrel-macos-arm64, r-oldrel-macos-x86_64, r-oldrel-windows-ix86+x86_64