Last updated on 2022-04-24 03:52:37 CEST.
Flavor | Version | Tinstall | Tcheck | Ttotal | Status | Flags |
---|---|---|---|---|---|---|
r-devel-linux-x86_64-debian-clang | 0.5 | 2.77 | 41.44 | 44.21 | NOTE | |
r-devel-linux-x86_64-debian-gcc | 0.5 | 1.96 | 31.80 | 33.76 | NOTE | |
r-devel-linux-x86_64-fedora-clang | 0.5 | 55.79 | NOTE | |||
r-devel-linux-x86_64-fedora-gcc | 0.5 | 44.23 | NOTE | |||
r-patched-linux-x86_64 | 0.5 | 2.90 | 39.39 | 42.29 | NOTE | |
r-release-linux-x86_64 | 0.5 | 2.06 | 39.15 | 41.21 | NOTE | |
r-release-macos-arm64 | 0.5 | NOTE | ||||
r-release-macos-x86_64 | 0.5 | NOTE | ||||
r-release-windows-x86_64 | 0.5 | 29.00 | 71.00 | 100.00 | NOTE | |
r-oldrel-macos-arm64 | 0.5 | NOTE | ||||
r-oldrel-macos-x86_64 | 0.5 | NOTE | ||||
r-oldrel-windows-ix86+x86_64 | 0.5 | 5.00 | 40.00 | 45.00 | NOTE |
Version: 0.5
Check: R code for possible problems
Result: NOTE
download.sas7bdat.sources : <anonymous>: no visible global function
definition for 'download.file'
generate.sas7bdat.source: no visible global function definition for
'download.file'
Undefined global functions or variables:
download.file
Consider adding
importFrom("utils", "download.file")
to your NAMESPACE file.
Flavors: r-devel-linux-x86_64-debian-clang, r-devel-linux-x86_64-debian-gcc, r-devel-linux-x86_64-fedora-clang, r-devel-linux-x86_64-fedora-gcc, r-patched-linux-x86_64, r-release-linux-x86_64, r-release-macos-arm64, r-release-macos-x86_64, r-release-windows-x86_64, r-oldrel-macos-arm64, r-oldrel-macos-x86_64, r-oldrel-windows-ix86+x86_64