Last updated on 2022-04-24 03:52:37 CEST.
Flavor | Version | Tinstall | Tcheck | Ttotal | Status | Flags |
---|---|---|---|---|---|---|
r-devel-linux-x86_64-debian-clang | 0.4.1 | 232.33 | 65.18 | 297.51 | NOTE | |
r-devel-linux-x86_64-debian-gcc | 0.4.1 | 176.59 | 48.26 | 224.85 | NOTE | |
r-devel-linux-x86_64-fedora-clang | 0.4.1 | 487.13 | NOTE | |||
r-devel-linux-x86_64-fedora-gcc | 0.4.1 | 362.37 | NOTE | |||
r-patched-linux-x86_64 | 0.4.1 | 182.88 | 63.82 | 246.70 | NOTE | |
r-release-linux-x86_64 | 0.4.1 | 180.86 | 63.19 | 244.05 | NOTE | |
r-release-macos-arm64 | 0.4.1 | NOTE | ||||
r-release-macos-x86_64 | 0.4.1 | NOTE | ||||
r-release-windows-x86_64 | 0.4.1 | 281.00 | 144.00 | 425.00 | NOTE | |
r-oldrel-macos-arm64 | 0.4.1 | NOTE | ||||
r-oldrel-macos-x86_64 | 0.4.1 | NOTE | ||||
r-oldrel-windows-ix86+x86_64 | 0.4.1 | 579.00 | 139.00 | 718.00 | NOTE |
Version: 0.4.1
Check: for GNU extensions in Makefiles
Result: NOTE
GNU make is a SystemRequirements.
Flavors: r-devel-linux-x86_64-debian-clang, r-devel-linux-x86_64-debian-gcc, r-devel-linux-x86_64-fedora-clang, r-devel-linux-x86_64-fedora-gcc, r-patched-linux-x86_64, r-release-linux-x86_64, r-release-macos-arm64, r-release-macos-x86_64, r-release-windows-x86_64, r-oldrel-macos-arm64, r-oldrel-macos-x86_64, r-oldrel-windows-ix86+x86_64
Version: 0.4.1
Check: installed package size
Result: NOTE
installed size is 5.4Mb
sub-directories of 1Mb or more:
doc 1.7Mb
libs 3.2Mb
Flavors: r-devel-linux-x86_64-fedora-clang, r-release-macos-arm64, r-release-macos-x86_64, r-release-windows-x86_64, r-oldrel-macos-arm64, r-oldrel-macos-x86_64, r-oldrel-windows-ix86+x86_64