Last updated on 2022-04-24 03:52:37 CEST.
Flavor | Version | Tinstall | Tcheck | Ttotal | Status | Flags |
---|---|---|---|---|---|---|
r-devel-linux-x86_64-debian-clang | 1.0.4 | 56.02 | 418.33 | 474.35 | OK | |
r-devel-linux-x86_64-debian-gcc | 1.0.4 | 42.92 | 313.77 | 356.69 | OK | |
r-devel-linux-x86_64-fedora-clang | 1.0.4 | 562.50 | OK | |||
r-devel-linux-x86_64-fedora-gcc | 1.0.4 | 547.74 | OK | |||
r-patched-linux-x86_64 | 1.0.4 | 52.16 | 401.63 | 453.79 | OK | |
r-release-linux-x86_64 | 1.0.4 | 50.17 | 388.48 | 438.65 | OK | |
r-release-macos-arm64 | 1.0.4 | OK | ||||
r-release-macos-x86_64 | 1.0.4 | OK | ||||
r-release-windows-x86_64 | 1.0.4 | 157.00 | 448.00 | 605.00 | OK | |
r-oldrel-macos-arm64 | 1.0.4 | OK | ||||
r-oldrel-macos-x86_64 | 1.0.4 | OK | ||||
r-oldrel-windows-ix86+x86_64 | 1.0.4 | 111.00 | 641.00 | 752.00 | NOTE |
Version: 1.0.4
Check: installed package size
Result: NOTE
installed size is 5.6Mb
sub-directories of 1Mb or more:
R 1.6Mb
extdata 1.3Mb
libs 2.0Mb
Flavor: r-oldrel-windows-ix86+x86_64