Last updated on 2022-04-24 03:52:37 CEST.
Flavor | Version | Tinstall | Tcheck | Ttotal | Status | Flags |
---|---|---|---|---|---|---|
r-devel-linux-x86_64-debian-clang | 1.0.1 | 9.17 | 76.70 | 85.87 | NOTE | |
r-devel-linux-x86_64-debian-gcc | 1.0.1 | 6.81 | 57.90 | 64.71 | NOTE | |
r-devel-linux-x86_64-fedora-clang | 1.0.1 | 101.79 | NOTE | |||
r-devel-linux-x86_64-fedora-gcc | 1.0.1 | 89.80 | NOTE | |||
r-patched-linux-x86_64 | 1.0.1 | 8.98 | 74.02 | 83.00 | NOTE | |
r-release-linux-x86_64 | 1.0.1 | 7.75 | 70.81 | 78.56 | NOTE | |
r-release-macos-arm64 | 1.0.1 | OK | ||||
r-release-macos-x86_64 | 1.0.1 | OK | ||||
r-release-windows-x86_64 | 1.0.1 | 70.00 | 120.00 | 190.00 | OK | |
r-oldrel-macos-arm64 | 1.0.1 | OK | ||||
r-oldrel-macos-x86_64 | 1.0.1 | OK | ||||
r-oldrel-windows-ix86+x86_64 | 1.0.1 | 27.00 | 126.00 | 153.00 | OK |
Version: 1.0.1
Check: for non-standard things in the check directory
Result: NOTE
Found the following files/directories:
'stateLung-R01.pdf' 'stateLung-R01.txt'
Flavors: r-devel-linux-x86_64-debian-clang, r-devel-linux-x86_64-debian-gcc, r-devel-linux-x86_64-fedora-clang, r-devel-linux-x86_64-fedora-gcc, r-patched-linux-x86_64, r-release-linux-x86_64