Last updated on 2022-04-24 03:52:37 CEST.
Flavor | Version | Tinstall | Tcheck | Ttotal | Status | Flags |
---|---|---|---|---|---|---|
r-devel-linux-x86_64-debian-clang | 0.5 | 1.92 | 34.83 | 36.75 | NOTE | |
r-devel-linux-x86_64-debian-gcc | 0.5 | 1.58 | 27.51 | 29.09 | NOTE | |
r-devel-linux-x86_64-fedora-clang | 0.5 | 47.68 | NOTE | |||
r-devel-linux-x86_64-fedora-gcc | 0.5 | 36.24 | NOTE | |||
r-patched-linux-x86_64 | 0.5 | 1.82 | 34.17 | 35.99 | NOTE | |
r-release-linux-x86_64 | 0.5 | 1.88 | 33.27 | 35.15 | NOTE | |
r-release-macos-arm64 | 0.5 | NOTE | ||||
r-release-macos-x86_64 | 0.5 | NOTE | ||||
r-release-windows-x86_64 | 0.5 | 12.00 | 62.00 | 74.00 | NOTE | |
r-oldrel-macos-arm64 | 0.5 | NOTE | ||||
r-oldrel-macos-x86_64 | 0.5 | NOTE | ||||
r-oldrel-windows-ix86+x86_64 | 0.5 | 4.00 | 34.00 | 38.00 | NOTE |
Version: 0.5
Check: R code for possible problems
Result: NOTE
loads: no visible global function definition for 'untar'
saves: no visible global function definition for 'tar'
Undefined global functions or variables:
tar untar
Consider adding
importFrom("utils", "tar", "untar")
to your NAMESPACE file.
Flavors: r-devel-linux-x86_64-debian-clang, r-devel-linux-x86_64-debian-gcc, r-devel-linux-x86_64-fedora-clang, r-devel-linux-x86_64-fedora-gcc, r-patched-linux-x86_64, r-release-linux-x86_64, r-release-macos-arm64, r-release-macos-x86_64, r-release-windows-x86_64, r-oldrel-macos-arm64, r-oldrel-macos-x86_64, r-oldrel-windows-ix86+x86_64