Last updated on 2022-04-24 03:52:37 CEST.
Flavor | Version | Tinstall | Tcheck | Ttotal | Status | Flags |
---|---|---|---|---|---|---|
r-devel-linux-x86_64-debian-clang | 2.0.2 | 5.27 | 60.35 | 65.62 | NOTE | |
r-devel-linux-x86_64-debian-gcc | 2.0.2 | 4.44 | 45.01 | 49.45 | NOTE | |
r-devel-linux-x86_64-fedora-clang | 2.0.2 | 84.99 | NOTE | |||
r-devel-linux-x86_64-fedora-gcc | 2.0.2 | 71.10 | NOTE | |||
r-patched-linux-x86_64 | 2.0.2 | 5.64 | 56.55 | 62.19 | NOTE | |
r-release-linux-x86_64 | 2.0.2 | 3.44 | 53.13 | 56.57 | NOTE | |
r-release-macos-arm64 | 2.0.2 | NOTE | ||||
r-release-macos-x86_64 | 2.0.2 | NOTE | ||||
r-release-windows-x86_64 | 2.0.2 | 12.00 | 80.00 | 92.00 | NOTE | |
r-oldrel-macos-arm64 | 2.0.2 | NOTE | ||||
r-oldrel-macos-x86_64 | 2.0.2 | NOTE | ||||
r-oldrel-windows-ix86+x86_64 | 2.0.2 | 12.00 | 64.00 | 76.00 | NOTE |
Version: 2.0.2
Check: LazyData
Result: NOTE
'LazyData' is specified without a 'data' directory
Flavors: r-devel-linux-x86_64-debian-clang, r-devel-linux-x86_64-debian-gcc, r-devel-linux-x86_64-fedora-clang, r-devel-linux-x86_64-fedora-gcc, r-patched-linux-x86_64, r-release-linux-x86_64, r-release-macos-arm64, r-release-macos-x86_64, r-release-windows-x86_64, r-oldrel-macos-arm64, r-oldrel-macos-x86_64, r-oldrel-windows-ix86+x86_64