Last updated on 2022-04-24 03:52:37 CEST.
Flavor | Version | Tinstall | Tcheck | Ttotal | Status | Flags |
---|---|---|---|---|---|---|
r-devel-linux-x86_64-debian-clang | 1.0.3 | 45.11 | 106.35 | 151.46 | OK | |
r-devel-linux-x86_64-debian-gcc | 1.0.3 | 36.99 | 81.81 | 118.80 | OK | |
r-devel-linux-x86_64-fedora-clang | 1.0.3 | 198.16 | OK | |||
r-devel-linux-x86_64-fedora-gcc | 1.0.3 | 183.25 | OK | |||
r-patched-linux-x86_64 | 1.0.3 | 40.95 | 102.94 | 143.89 | OK | |
r-release-linux-x86_64 | 1.0.3 | 32.61 | 96.61 | 129.22 | OK | |
r-release-macos-arm64 | 1.0.3 | NOTE | ||||
r-release-macos-x86_64 | 1.0.3 | OK | ||||
r-release-windows-x86_64 | 1.0.3 | 47.00 | 137.00 | 184.00 | OK | |
r-oldrel-macos-arm64 | 1.0.3 | NOTE | ||||
r-oldrel-macos-x86_64 | 1.0.3 | OK | ||||
r-oldrel-windows-ix86+x86_64 | 1.0.3 | 109.00 | 172.00 | 281.00 | OK |
Version: 1.0.3
Check: installed package size
Result: NOTE
installed size is 5.8Mb
sub-directories of 1Mb or more:
data 2.0Mb
libs 3.6Mb
Flavors: r-release-macos-arm64, r-oldrel-macos-arm64