Last updated on 2022-04-24 03:52:37 CEST.
Flavor | Version | Tinstall | Tcheck | Ttotal | Status | Flags |
---|---|---|---|---|---|---|
r-devel-linux-x86_64-debian-clang | 0.5.0 | 122.83 | 180.41 | 303.24 | OK | |
r-devel-linux-x86_64-debian-gcc | 0.5.0 | 97.51 | 132.87 | 230.38 | OK | |
r-devel-linux-x86_64-fedora-clang | 0.5.0 | 402.90 | NOTE | |||
r-devel-linux-x86_64-fedora-gcc | 0.5.0 | 362.53 | OK | |||
r-patched-linux-x86_64 | 0.5.0 | 105.15 | 166.66 | 271.81 | OK | |
r-release-linux-x86_64 | 0.5.0 | 80.75 | 168.37 | 249.12 | OK | |
r-release-macos-arm64 | 0.5.0 | NOTE | ||||
r-release-macos-x86_64 | 0.5.0 | NOTE | ||||
r-release-windows-x86_64 | 0.5.0 | 118.00 | 218.00 | 336.00 | NOTE | |
r-oldrel-macos-arm64 | 0.5.0 | NOTE | ||||
r-oldrel-macos-x86_64 | 0.5.0 | NOTE | ||||
r-oldrel-windows-ix86+x86_64 | 0.5.0 | 276.00 | 268.00 | 544.00 | NOTE |
Version: 0.5.0
Check: installed package size
Result: NOTE
installed size is 7.4Mb
sub-directories of 1Mb or more:
data 3.9Mb
libs 3.1Mb
Flavors: r-devel-linux-x86_64-fedora-clang, r-release-macos-arm64, r-release-macos-x86_64, r-release-windows-x86_64, r-oldrel-macos-arm64, r-oldrel-macos-x86_64, r-oldrel-windows-ix86+x86_64