Last updated on 2022-04-24 03:52:37 CEST.
Flavor | Version | Tinstall | Tcheck | Ttotal | Status | Flags |
---|---|---|---|---|---|---|
r-devel-linux-x86_64-debian-clang | 0.1.1 | 35.30 | 70.94 | 106.24 | NOTE | |
r-devel-linux-x86_64-debian-gcc | 0.1.1 | 30.23 | 52.86 | 83.09 | NOTE | |
r-devel-linux-x86_64-fedora-clang | 0.1.1 | 154.88 | NOTE | |||
r-devel-linux-x86_64-fedora-gcc | 0.1.1 | 126.14 | NOTE | |||
r-patched-linux-x86_64 | 0.1.1 | 35.00 | 68.23 | 103.23 | OK | |
r-release-linux-x86_64 | 0.1.1 | 33.85 | 64.59 | 98.44 | OK | |
r-release-macos-arm64 | 0.1.1 | OK | ||||
r-release-macos-x86_64 | 0.1.1 | OK | ||||
r-release-windows-x86_64 | 0.1.1 | 40.00 | 105.00 | 145.00 | OK | |
r-oldrel-macos-arm64 | 0.1.1 | OK | ||||
r-oldrel-macos-x86_64 | 0.1.1 | OK | ||||
r-oldrel-windows-ix86+x86_64 | 0.1.1 | 92.00 | 127.00 | 219.00 | OK |
Version: 0.1.1
Check: Rd files
Result: NOTE
checkRd: (7) file 'assess.Rd': \item in \describe must have non-empty label
checkRd: (7) file 'sboost.Rd': \item in \describe must have non-empty label
Flavors: r-devel-linux-x86_64-debian-clang, r-devel-linux-x86_64-debian-gcc, r-devel-linux-x86_64-fedora-clang, r-devel-linux-x86_64-fedora-gcc