Last updated on 2022-04-24 03:52:37 CEST.
Flavor | Version | Tinstall | Tcheck | Ttotal | Status | Flags |
---|---|---|---|---|---|---|
r-devel-linux-x86_64-debian-clang | 1.1.5 | 10.72 | 87.97 | 98.69 | NOTE | |
r-devel-linux-x86_64-debian-gcc | 1.1.5 | 8.39 | 67.08 | 75.47 | NOTE | |
r-devel-linux-x86_64-fedora-clang | 1.1.5 | 135.02 | NOTE | |||
r-devel-linux-x86_64-fedora-gcc | 1.1.5 | 118.33 | NOTE | |||
r-patched-linux-x86_64 | 1.1.5 | 10.47 | 84.94 | 95.41 | NOTE | |
r-release-linux-x86_64 | 1.1.5 | 11.07 | 79.19 | 90.26 | NOTE | |
r-release-macos-arm64 | 1.1.5 | NOTE | ||||
r-release-macos-x86_64 | 1.1.5 | NOTE | ||||
r-release-windows-x86_64 | 1.1.5 | 21.00 | 102.00 | 123.00 | NOTE | |
r-oldrel-macos-arm64 | 1.1.5 | NOTE | ||||
r-oldrel-macos-x86_64 | 1.1.5 | NOTE | ||||
r-oldrel-windows-ix86+x86_64 | 1.1.5 | 21.00 | 92.00 | 113.00 | NOTE |
Version: 1.1.5
Check: package dependencies
Result: NOTE
Packages which this enhances but not available for checking:
'gurobi', 'pogs'
Flavors: r-devel-linux-x86_64-debian-clang, r-devel-linux-x86_64-debian-gcc, r-patched-linux-x86_64, r-release-linux-x86_64
Version: 1.1.5
Check: package dependencies
Result: NOTE
Packages which this enhances but not available for checking:
'gurobi', 'Rcplex', 'pogs'
Flavors: r-devel-linux-x86_64-fedora-clang, r-devel-linux-x86_64-fedora-gcc, r-release-macos-arm64, r-release-macos-x86_64, r-release-windows-x86_64, r-oldrel-macos-arm64, r-oldrel-macos-x86_64, r-oldrel-windows-ix86+x86_64