Last updated on 2022-04-24 03:52:37 CEST.
Flavor | Version | Tinstall | Tcheck | Ttotal | Status | Flags |
---|---|---|---|---|---|---|
r-devel-linux-x86_64-debian-clang | 3.0 | 9.50 | 195.74 | 205.24 | OK | |
r-devel-linux-x86_64-debian-gcc | 3.0 | 7.76 | 145.68 | 153.44 | OK | |
r-devel-linux-x86_64-fedora-clang | 3.0 | 246.99 | NOTE | |||
r-devel-linux-x86_64-fedora-gcc | 3.0 | 232.46 | NOTE | |||
r-patched-linux-x86_64 | 3.0 | 8.84 | 191.71 | 200.55 | OK | |
r-release-linux-x86_64 | 3.0 | 9.41 | 180.19 | 189.60 | OK | |
r-release-macos-arm64 | 3.0 | NOTE | ||||
r-release-macos-x86_64 | 3.0 | WARN | --as-cran | |||
r-release-windows-x86_64 | 3.0 | 22.00 | 227.00 | 249.00 | OK | |
r-oldrel-macos-arm64 | 3.0 | NOTE | ||||
r-oldrel-macos-x86_64 | 3.0 | WARN | --as-cran | |||
r-oldrel-windows-ix86+x86_64 | 3.0 | 17.00 | 226.00 | 243.00 | OK |
Version: 3.0
Check: dependencies in R code
Result: NOTE
Namespaces in Imports field not imported from:
‘Matrix’ ‘crayon’
All declared Imports should be used.
Flavors: r-devel-linux-x86_64-fedora-clang, r-devel-linux-x86_64-fedora-gcc, r-release-macos-arm64, r-oldrel-macos-arm64
Version: 3.0
Flags: --as-cran
Check: CRAN incoming feasibility
Result: WARN
Maintainer: ‘Xin Shao<xin_shao@zju.edu.cn>’
Insufficient package version (submitted: 3.0, existing: 3.0)
Days since last update: 1
Flavors: r-release-macos-x86_64, r-oldrel-macos-x86_64
Version: 3.0
Flags: --as-cran
Check: top-level files
Result: NOTE
Files ‘README.md’ or ‘NEWS.md’ cannot be checked without ‘pandoc’ being installed.
Flavors: r-release-macos-x86_64, r-oldrel-macos-x86_64