Last updated on 2022-04-24 03:52:37 CEST.
Flavor | Version | Tinstall | Tcheck | Ttotal | Status | Flags |
---|---|---|---|---|---|---|
r-devel-linux-x86_64-debian-clang | 1.1.2 | 58.36 | 138.75 | 197.11 | OK | |
r-devel-linux-x86_64-debian-gcc | 1.1.2 | 49.60 | 105.12 | 154.72 | OK | |
r-devel-linux-x86_64-fedora-clang | 1.1.2 | 249.73 | NOTE | |||
r-devel-linux-x86_64-fedora-gcc | 1.1.2 | 238.21 | OK | |||
r-patched-linux-x86_64 | 1.1.2 | 49.10 | 134.46 | 183.56 | OK | |
r-release-linux-x86_64 | 1.1.2 | 51.56 | 126.23 | 177.79 | OK | |
r-release-macos-arm64 | 1.1.2 | NOTE | ||||
r-release-macos-x86_64 | 1.1.2 | NOTE | ||||
r-release-windows-x86_64 | 1.1.2 | 56.00 | 170.00 | 226.00 | OK | |
r-oldrel-macos-arm64 | 1.1.2 | NOTE | ||||
r-oldrel-macos-x86_64 | 1.1.2 | NOTE | ||||
r-oldrel-windows-ix86+x86_64 | 1.1.2 | 124.00 | 194.00 | 318.00 | NOTE |
Version: 1.1.2
Check: installed package size
Result: NOTE
installed size is 5.7Mb
sub-directories of 1Mb or more:
data 3.2Mb
libs 2.1Mb
Flavors: r-devel-linux-x86_64-fedora-clang, r-release-macos-arm64, r-release-macos-x86_64, r-oldrel-macos-arm64, r-oldrel-macos-x86_64, r-oldrel-windows-ix86+x86_64