Last updated on 2022-04-24 03:52:37 CEST.
Flavor | Version | Tinstall | Tcheck | Ttotal | Status | Flags |
---|---|---|---|---|---|---|
r-devel-linux-x86_64-debian-clang | 0.1.1 | 9.51 | 154.67 | 164.18 | NOTE | |
r-devel-linux-x86_64-debian-gcc | 0.1.1 | 8.30 | 110.45 | 118.75 | NOTE | |
r-devel-linux-x86_64-fedora-clang | 0.1.1 | 218.70 | NOTE | |||
r-devel-linux-x86_64-fedora-gcc | 0.1.1 | 180.12 | NOTE | |||
r-patched-linux-x86_64 | 0.1.1 | 6.77 | 144.30 | 151.07 | NOTE | |
r-release-linux-x86_64 | 0.1.1 | 6.73 | 137.88 | 144.61 | NOTE | |
r-release-macos-arm64 | 0.1.1 | NOTE | ||||
r-release-macos-x86_64 | 0.1.1 | NOTE | ||||
r-release-windows-x86_64 | 0.1.1 | 18.00 | 168.00 | 186.00 | NOTE | |
r-oldrel-macos-arm64 | 0.1.1 | NOTE | ||||
r-oldrel-macos-x86_64 | 0.1.1 | NOTE | ||||
r-oldrel-windows-ix86+x86_64 | 0.1.1 | 23.00 | 158.00 | 181.00 | NOTE |
Version: 0.1.1
Check: LazyData
Result: NOTE
'LazyData' is specified without a 'data' directory
Flavors: r-devel-linux-x86_64-debian-clang, r-devel-linux-x86_64-debian-gcc, r-devel-linux-x86_64-fedora-clang, r-devel-linux-x86_64-fedora-gcc, r-patched-linux-x86_64, r-release-linux-x86_64, r-release-macos-arm64, r-release-macos-x86_64, r-release-windows-x86_64, r-oldrel-macos-arm64, r-oldrel-macos-x86_64, r-oldrel-windows-ix86+x86_64