Last updated on 2022-04-24 03:52:37 CEST.
Flavor | Version | Tinstall | Tcheck | Ttotal | Status | Flags |
---|---|---|---|---|---|---|
r-devel-linux-x86_64-debian-clang | 0.1.0 | 31.68 | 85.84 | 117.52 | WARN | |
r-devel-linux-x86_64-debian-gcc | 0.1.0 | 28.28 | 64.44 | 92.72 | OK | |
r-devel-linux-x86_64-fedora-clang | 0.1.0 | 156.10 | WARN | |||
r-devel-linux-x86_64-fedora-gcc | 0.1.0 | 139.35 | OK | |||
r-patched-linux-x86_64 | 0.1.0 | 33.92 | 82.02 | 115.94 | OK | |
r-release-linux-x86_64 | 0.1.0 | 34.57 | 76.80 | 111.37 | OK | |
r-release-macos-arm64 | 0.1.0 | OK | ||||
r-release-macos-x86_64 | 0.1.0 | OK | ||||
r-release-windows-x86_64 | 0.1.0 | 44.00 | 118.00 | 162.00 | OK | |
r-oldrel-macos-arm64 | 0.1.0 | OK | ||||
r-oldrel-macos-x86_64 | 0.1.0 | OK | ||||
r-oldrel-windows-ix86+x86_64 | 0.1.0 | 90.00 | 140.00 | 230.00 | OK |
Version: 0.1.0
Check: whether package can be installed
Result: WARN
Found the following significant warnings:
metrics.cpp:105:13: warning: use of bitwise '|' with boolean operands [-Wbitwise-instead-of-logical]
metrics.cpp:124:13: warning: use of bitwise '&' with boolean operands [-Wbitwise-instead-of-logical]
Flavors: r-devel-linux-x86_64-debian-clang, r-devel-linux-x86_64-fedora-clang