Last updated on 2022-04-24 03:52:37 CEST.
Flavor | Version | Tinstall | Tcheck | Ttotal | Status | Flags |
---|---|---|---|---|---|---|
r-devel-linux-x86_64-debian-clang | 0.0.2 | 2.28 | 125.94 | 128.22 | NOTE | |
r-devel-linux-x86_64-debian-gcc | 0.0.2 | 1.81 | 87.83 | 89.64 | NOTE | |
r-devel-linux-x86_64-fedora-clang | 0.0.2 | 152.74 | NOTE | |||
r-devel-linux-x86_64-fedora-gcc | 0.0.2 | 139.54 | NOTE | |||
r-patched-linux-x86_64 | 0.0.2 | 2.97 | 121.49 | 124.46 | NOTE | |
r-release-linux-x86_64 | 0.0.2 | 2.54 | 118.59 | 121.13 | NOTE | |
r-release-macos-arm64 | 0.0.2 | NOTE | ||||
r-release-macos-x86_64 | 0.0.2 | NOTE | ||||
r-release-windows-x86_64 | 0.0.2 | 23.00 | 134.00 | 157.00 | NOTE | |
r-oldrel-macos-arm64 | 0.0.2 | NOTE | ||||
r-oldrel-macos-x86_64 | 0.0.2 | NOTE | ||||
r-oldrel-windows-ix86+x86_64 | 0.0.2 | 6.00 | 139.00 | 145.00 | NOTE |
Version: 0.0.2
Check: LazyData
Result: NOTE
'LazyData' is specified without a 'data' directory
Flavors: r-devel-linux-x86_64-debian-clang, r-devel-linux-x86_64-debian-gcc, r-devel-linux-x86_64-fedora-clang, r-devel-linux-x86_64-fedora-gcc, r-patched-linux-x86_64, r-release-linux-x86_64, r-release-macos-arm64, r-release-macos-x86_64, r-release-windows-x86_64, r-oldrel-macos-arm64, r-oldrel-macos-x86_64, r-oldrel-windows-ix86+x86_64