Last updated on 2022-04-24 03:52:37 CEST.
Flavor | Version | Tinstall | Tcheck | Ttotal | Status | Flags |
---|---|---|---|---|---|---|
r-devel-linux-x86_64-debian-clang | 0.0.1 | 6.71 | 80.26 | 86.97 | NOTE | |
r-devel-linux-x86_64-debian-gcc | 0.0.1 | 6.90 | 61.71 | 68.61 | NOTE | |
r-devel-linux-x86_64-fedora-clang | 0.0.1 | 108.35 | NOTE | |||
r-devel-linux-x86_64-fedora-gcc | 0.0.1 | 95.30 | NOTE | |||
r-patched-linux-x86_64 | 0.0.1 | 11.97 | 77.76 | 89.73 | NOTE | |
r-release-linux-x86_64 | 0.0.1 | 7.83 | 71.96 | 79.79 | NOTE | |
r-release-macos-arm64 | 0.0.1 | NOTE | ||||
r-release-macos-x86_64 | 0.0.1 | NOTE | ||||
r-release-windows-x86_64 | 0.0.1 | 25.00 | 98.00 | 123.00 | NOTE | |
r-oldrel-macos-arm64 | 0.0.1 | NOTE | ||||
r-oldrel-macos-x86_64 | 0.0.1 | NOTE | ||||
r-oldrel-windows-ix86+x86_64 | 0.0.1 | 16.00 | 83.00 | 99.00 | NOTE |
Version: 0.0.1
Check: LazyData
Result: NOTE
'LazyData' is specified without a 'data' directory
Flavors: r-devel-linux-x86_64-debian-clang, r-devel-linux-x86_64-debian-gcc, r-devel-linux-x86_64-fedora-clang, r-devel-linux-x86_64-fedora-gcc, r-patched-linux-x86_64, r-release-linux-x86_64, r-release-macos-arm64, r-release-macos-x86_64, r-release-windows-x86_64, r-oldrel-macos-arm64, r-oldrel-macos-x86_64, r-oldrel-windows-ix86+x86_64