Last updated on 2022-04-24 03:52:37 CEST.
Flavor | Version | Tinstall | Tcheck | Ttotal | Status | Flags |
---|---|---|---|---|---|---|
r-devel-linux-x86_64-debian-clang | 1.0.0 | 3.02 | 65.27 | 68.29 | OK | |
r-devel-linux-x86_64-debian-gcc | 1.0.0 | 3.19 | 48.73 | 51.92 | OK | |
r-devel-linux-x86_64-fedora-clang | 1.0.0 | 86.78 | OK | |||
r-devel-linux-x86_64-fedora-gcc | 1.0.0 | 70.27 | OK | |||
r-patched-linux-x86_64 | 1.0.0 | 4.14 | 62.12 | 66.26 | OK | |
r-release-linux-x86_64 | 1.0.0 | 3.10 | 59.83 | 62.93 | OK | |
r-release-macos-arm64 | 1.0.0 | WARN | ||||
r-release-macos-x86_64 | 1.0.0 | WARN | ||||
r-release-windows-x86_64 | 1.0.0 | 91.00 | 86.00 | 177.00 | OK | |
r-oldrel-macos-arm64 | 1.0.0 | WARN | ||||
r-oldrel-macos-x86_64 | 1.0.0 | WARN | ||||
r-oldrel-windows-ix86+x86_64 | 1.0.0 | 8.00 | 72.00 | 80.00 | OK |
Version: 1.0.0
Check: for executable files
Result: WARN
Found the following executable file:
inst/extdata/Azores.dbf
Source packages should not contain undeclared executable files.
See section ‘Package structure’ in the ‘Writing R Extensions’ manual.
Flavors: r-release-macos-arm64, r-release-macos-x86_64, r-oldrel-macos-arm64, r-oldrel-macos-x86_64