Last updated on 2022-04-24 03:52:37 CEST.
Flavor | Version | Tinstall | Tcheck | Ttotal | Status | Flags |
---|---|---|---|---|---|---|
r-devel-linux-x86_64-debian-clang | 0.2-1 | 2.80 | 41.08 | 43.88 | NOTE | |
r-devel-linux-x86_64-debian-gcc | 0.2-1 | 2.39 | 31.81 | 34.20 | NOTE | |
r-devel-linux-x86_64-fedora-clang | 0.2-1 | 55.29 | NOTE | |||
r-devel-linux-x86_64-fedora-gcc | 0.2-1 | 43.12 | NOTE | |||
r-patched-linux-x86_64 | 0.2-1 | 3.27 | 39.78 | 43.05 | NOTE | |
r-release-linux-x86_64 | 0.2-1 | 2.96 | 39.64 | 42.60 | NOTE | |
r-release-macos-arm64 | 0.2-1 | NOTE | ||||
r-release-macos-x86_64 | 0.2-1 | NOTE | ||||
r-release-windows-x86_64 | 0.2-1 | 17.00 | 57.00 | 74.00 | NOTE | |
r-oldrel-macos-arm64 | 0.2-1 | NOTE | ||||
r-oldrel-macos-x86_64 | 0.2-1 | NOTE | ||||
r-oldrel-windows-ix86+x86_64 | 0.2-1 | 9.00 | 46.00 | 55.00 | NOTE |
Version: 0.2-1
Check: dependencies in R code
Result: NOTE
'library' or 'require' call to 'stats' in package code.
Please use :: or requireNamespace() instead.
See section 'Suggested packages' in the 'Writing R Extensions' manual.
Flavors: r-devel-linux-x86_64-debian-clang, r-devel-linux-x86_64-debian-gcc, r-devel-linux-x86_64-fedora-clang, r-devel-linux-x86_64-fedora-gcc, r-patched-linux-x86_64, r-release-linux-x86_64, r-release-macos-arm64, r-release-macos-x86_64, r-release-windows-x86_64, r-oldrel-macos-arm64, r-oldrel-macos-x86_64, r-oldrel-windows-ix86+x86_64
Version: 0.2-1
Check: R code for possible problems
Result: NOTE
plot.scair: no visible global function definition for 'par'
plot.scair: no visible global function definition for 'points'
plot.scar: no visible global function definition for 'par'
plot.scar: no visible global function definition for 'points'
predict.scair: no visible global function definition for 'approx'
predict.scar: no visible global function definition for 'approx'
scair: no visible global function definition for 'gaussian'
scair: no visible global function definition for 'runif'
scair: no visible global function definition for 'rnorm'
scar: no visible global function definition for 'gaussian'
scar: no visible global function definition for 'glm.fit'
scar: no visible global function definition for 'approx'
Undefined global functions or variables:
approx gaussian glm.fit par points rnorm runif
Consider adding
importFrom("graphics", "par", "points")
importFrom("stats", "approx", "gaussian", "glm.fit", "rnorm", "runif")
to your NAMESPACE file.
Flavors: r-devel-linux-x86_64-debian-clang, r-devel-linux-x86_64-debian-gcc, r-devel-linux-x86_64-fedora-clang, r-devel-linux-x86_64-fedora-gcc, r-patched-linux-x86_64, r-release-linux-x86_64, r-release-macos-arm64, r-release-macos-x86_64, r-release-windows-x86_64, r-oldrel-macos-arm64, r-oldrel-macos-x86_64, r-oldrel-windows-ix86+x86_64
Version: 0.2-1
Check: Rd cross-references
Result: NOTE
Undeclared packages ‘Iso’, ‘scam’, ‘gam’ in Rd xrefs
Flavor: r-devel-linux-x86_64-fedora-clang
Version: 0.2-1
Check: compiled code
Result: NOTE
File ‘scar/libs/scar.so’:
Found no calls to: ‘R_registerRoutines’, ‘R_useDynamicSymbols’
It is good practice to register native routines and to disable symbol
search.
See ‘Writing portable packages’ in the ‘Writing R Extensions’ manual.
Flavors: r-devel-linux-x86_64-fedora-clang, r-devel-linux-x86_64-fedora-gcc