Last updated on 2022-04-24 03:52:37 CEST.
Flavor | Version | Tinstall | Tcheck | Ttotal | Status | Flags |
---|---|---|---|---|---|---|
r-devel-linux-x86_64-debian-clang | 1.6 | 5.68 | 71.92 | 77.60 | NOTE | |
r-devel-linux-x86_64-debian-gcc | 1.6 | 3.99 | 53.55 | 57.54 | NOTE | |
r-devel-linux-x86_64-fedora-clang | 1.6 | 94.46 | NOTE | |||
r-devel-linux-x86_64-fedora-gcc | 1.6 | 79.26 | NOTE | |||
r-patched-linux-x86_64 | 1.6 | 5.72 | 67.40 | 73.12 | NOTE | |
r-release-linux-x86_64 | 1.6 | 4.81 | 65.84 | 70.65 | NOTE | |
r-release-macos-arm64 | 1.6 | NOTE | ||||
r-release-macos-x86_64 | 1.6 | NOTE | ||||
r-release-windows-x86_64 | 1.6 | 48.00 | 128.00 | 176.00 | NOTE | |
r-oldrel-macos-arm64 | 1.6 | NOTE | ||||
r-oldrel-macos-x86_64 | 1.6 | NOTE | ||||
r-oldrel-windows-ix86+x86_64 | 1.6 | 12.00 | 90.00 | 102.00 | NOTE |
Version: 1.6
Check: LazyData
Result: NOTE
'LazyData' is specified without a 'data' directory
Flavors: r-devel-linux-x86_64-debian-clang, r-devel-linux-x86_64-debian-gcc, r-devel-linux-x86_64-fedora-clang, r-devel-linux-x86_64-fedora-gcc, r-patched-linux-x86_64, r-release-linux-x86_64, r-release-macos-arm64, r-release-macos-x86_64, r-release-windows-x86_64, r-oldrel-macos-arm64, r-oldrel-macos-x86_64, r-oldrel-windows-ix86+x86_64