Last updated on 2022-04-24 03:52:37 CEST.
Flavor | Version | Tinstall | Tcheck | Ttotal | Status | Flags |
---|---|---|---|---|---|---|
r-devel-linux-x86_64-debian-clang | 1.0.1 | 64.91 | 91.00 | 155.91 | OK | |
r-devel-linux-x86_64-debian-gcc | 1.0.1 | 52.51 | 67.25 | 119.76 | OK | |
r-patched-linux-x86_64 | 1.0.1 | 58.32 | 83.98 | 142.30 | OK | |
r-release-linux-x86_64 | 1.0.1 | 55.07 | 84.78 | 139.85 | OK | |
r-release-macos-arm64 | 1.0.1 | NOTE | ||||
r-release-macos-x86_64 | 1.0.1 | NOTE | ||||
r-release-windows-x86_64 | 1.0.1 | 68.00 | 132.00 | 200.00 | OK | |
r-oldrel-macos-arm64 | 1.0.1 | NOTE | ||||
r-oldrel-macos-x86_64 | 1.0.1 | NOTE | ||||
r-oldrel-windows-ix86+x86_64 | 1.0.1 | 158.00 | 145.00 | 303.00 | OK |
Version: 1.0.1
Check: installed package size
Result: NOTE
installed size is 6.6Mb
sub-directories of 1Mb or more:
libs 5.8Mb
Flavors: r-release-macos-arm64, r-release-macos-x86_64, r-oldrel-macos-arm64, r-oldrel-macos-x86_64