Last updated on 2022-04-24 03:52:37 CEST.
Flavor | Version | Tinstall | Tcheck | Ttotal | Status | Flags |
---|---|---|---|---|---|---|
r-devel-linux-x86_64-debian-clang | 0.2.2 | 4.47 | 44.75 | 49.22 | OK | |
r-devel-linux-x86_64-debian-gcc | 0.2.2 | 4.03 | 34.10 | 38.13 | OK | |
r-devel-linux-x86_64-fedora-clang | 0.2.2 | 61.57 | NOTE | |||
r-devel-linux-x86_64-fedora-gcc | 0.2.2 | 49.25 | NOTE | |||
r-patched-linux-x86_64 | 0.2.2 | 4.00 | 43.13 | 47.13 | OK | |
r-release-linux-x86_64 | 0.2.2 | 3.37 | 41.52 | 44.89 | OK | |
r-release-macos-arm64 | 0.2.2 | NOTE | ||||
r-release-macos-x86_64 | 0.2.2 | NOTE | ||||
r-release-windows-x86_64 | 0.2.2 | 10.00 | 64.00 | 74.00 | OK | |
r-oldrel-macos-arm64 | 0.2.2 | NOTE | ||||
r-oldrel-macos-x86_64 | 0.2.2 | NOTE | ||||
r-oldrel-windows-ix86+x86_64 | 0.2.2 | 20.00 | 52.00 | 72.00 | OK |
Version: 0.2.2
Check: dependencies in R code
Result: NOTE
Namespaces in Imports field not imported from:
‘dplyr’ ‘ggplot2’ ‘stringi’ ‘stringr’ ‘tibble’ ‘tidyr’ ‘tidytext’
All declared Imports should be used.
Flavors: r-devel-linux-x86_64-fedora-clang, r-devel-linux-x86_64-fedora-gcc, r-release-macos-arm64, r-release-macos-x86_64, r-oldrel-macos-arm64, r-oldrel-macos-x86_64
Version: 0.2.2
Check: data for non-ASCII characters
Result: NOTE
Note: found 464 marked UTF-8 strings
Flavors: r-devel-linux-x86_64-fedora-clang, r-devel-linux-x86_64-fedora-gcc, r-release-macos-arm64, r-release-macos-x86_64, r-oldrel-macos-arm64, r-oldrel-macos-x86_64